{"id":2136,"date":"2023-06-25T09:04:49","date_gmt":"2023-06-25T07:04:49","guid":{"rendered":"https:\/\/latelierdesgourmets.fr\/?post_type=product&#038;p=2136"},"modified":"2023-09-13T13:44:15","modified_gmt":"2023-09-13T11:44:15","slug":"cordon-bleu-de-dinde","status":"publish","type":"product","link":"https:\/\/latelierdesgourmets.fr\/?product=cordon-bleu-de-dinde","title":{"rendered":"Cordon Bleu de Dinde au comt\u00e9 AOP"},"content":{"rendered":"","protected":false},"excerpt":{"rendered":"<h4><\/h4>\n<h4><span style=\"color: #ff0000;\"><strong>3,90\u20ac\/Pi\u00e8ce<\/strong><\/span><\/h4>\n<p>Cordon bleu de dinde au comt\u00e9 AOP de 150gr pi\u00e8ce, conditionn\u00e9 par 2 soit 300gr.<\/p>\n<hr \/>\n<ul>\n<li><b>Volaille<\/b><\/li>\n<li><strong>Origine : France<\/strong><\/li>\n<li><strong>Cat\u00e9gorie de viande : Volaille<\/strong><\/li>\n<li><strong>Type de cuisson : A griller<\/strong><\/li>\n<li><strong>Poids : 150gr<br \/>\n<\/strong><\/li>\n<li><strong>Conditionnement : Sous-vide par 2<\/strong><\/li>\n<\/ul>\n<p>Car nos pr\u00e9parations au gramme pr\u00e9s \u00e9tant compliqu\u00e9, le poids pouvant varier de -50gr \u00e0 +50gr. Vous serez par contre factur\u00e9 en fonction du poids exact des produits.<\/p>\n<hr \/>\n<p><img decoding=\"async\" class=\"alignnone wp-image-3794\" src=\"http:\/\/latelierdesgourmets.fr\/wp-content\/uploads\/2023\/06\/logo-volaille-297x300.png\" alt=\"\" width=\"128\" height=\"129\" srcset=\"https:\/\/latelierdesgourmets.fr\/wp-content\/uploads\/2023\/06\/logo-volaille-297x300.png 297w, https:\/\/latelierdesgourmets.fr\/wp-content\/uploads\/2023\/06\/logo-volaille-150x150.png 150w, https:\/\/latelierdesgourmets.fr\/wp-content\/uploads\/2023\/06\/logo-volaille-200x200.png 200w, https:\/\/latelierdesgourmets.fr\/wp-content\/uploads\/2023\/06\/logo-volaille-100x100.png 100w, https:\/\/latelierdesgourmets.fr\/wp-content\/uploads\/2023\/06\/logo-volaille.png 348w\" sizes=\"(max-width: 128px) 100vw, 128px\" \/><\/p>\n<p><strong>7,80\u20ac \/ Les deux cordons bleu AOP (env.)<\/strong><\/p>\n","protected":false},"featured_media":4109,"comment_status":"open","ping_status":"closed","template":"","meta":{"_kadence_starter_templates_imported_post":false,"_kad_post_transparent":"default","_kad_post_title":"","_kad_post_layout":"default","_kad_post_sidebar_id":"","_kad_post_content_style":"default","_kad_post_vertical_padding":"default","_kad_post_feature":"","_kad_post_feature_position":"","_kad_post_header":false,"_kad_post_footer":false},"product_cat":[29],"product_tag":[],"yoast_head":"<!-- This site is optimized with the Yoast SEO plugin v22.8 - https:\/\/yoast.com\/wordpress\/plugins\/seo\/ -->\n<title>Cordon Bleu de Dinde au comt\u00e9 AOP -<\/title>\n<meta name=\"robots\" content=\"index, follow, max-snippet:-1, max-image-preview:large, max-video-preview:-1\" \/>\n<link rel=\"canonical\" href=\"https:\/\/latelierdesgourmets.fr\/?product=cordon-bleu-de-dinde\" \/>\n<meta property=\"og:locale\" content=\"fr_FR\" \/>\n<meta property=\"og:type\" content=\"article\" \/>\n<meta property=\"og:title\" content=\"Cordon Bleu de Dinde au comt\u00e9 AOP -\" \/>\n<meta property=\"og:description\" content=\"3,90\u20ac\/Pi\u00e8ce Cordon bleu de dinde au comt\u00e9 AOP de 150gr pi\u00e8ce, conditionn\u00e9 par 2 soit 300gr.      Volaille  Origine : France  Cat\u00e9gorie de viande : Volaille  Type de cuisson : A griller  Poids : 150gr   Conditionnement : Sous-vide par 2  Car nos pr\u00e9parations au gramme pr\u00e9s \u00e9tant compliqu\u00e9, le poids pouvant varier de -50gr \u00e0 +50gr. Vous serez par contre factur\u00e9 en fonction du poids exact des produits.      7,80\u20ac \/ Les deux cordons bleu AOP (env.)\" \/>\n<meta property=\"og:url\" content=\"https:\/\/latelierdesgourmets.fr\/?product=cordon-bleu-de-dinde\" \/>\n<meta property=\"article:publisher\" content=\"https:\/\/www.facebook.com\/profile.php?id=100090815065027\" \/>\n<meta property=\"article:modified_time\" content=\"2023-09-13T11:44:15+00:00\" \/>\n<meta property=\"og:image\" content=\"https:\/\/latelierdesgourmets.fr\/wp-content\/uploads\/2023\/06\/DSC_7855.jpg\" \/>\n\t<meta property=\"og:image:width\" content=\"2048\" \/>\n\t<meta property=\"og:image:height\" content=\"1365\" \/>\n\t<meta property=\"og:image:type\" content=\"image\/jpeg\" \/>\n<meta name=\"twitter:card\" content=\"summary_large_image\" \/>\n<script type=\"application\/ld+json\" class=\"yoast-schema-graph\">{\"@context\":\"https:\/\/schema.org\",\"@graph\":[{\"@type\":\"WebPage\",\"@id\":\"https:\/\/latelierdesgourmets.fr\/?product=cordon-bleu-de-dinde\",\"url\":\"https:\/\/latelierdesgourmets.fr\/?product=cordon-bleu-de-dinde\",\"name\":\"Cordon Bleu de Dinde au comt\u00e9 AOP -\",\"isPartOf\":{\"@id\":\"https:\/\/latelierdesgourmets.fr\/#website\"},\"primaryImageOfPage\":{\"@id\":\"https:\/\/latelierdesgourmets.fr\/?product=cordon-bleu-de-dinde#primaryimage\"},\"image\":{\"@id\":\"https:\/\/latelierdesgourmets.fr\/?product=cordon-bleu-de-dinde#primaryimage\"},\"thumbnailUrl\":\"https:\/\/latelierdesgourmets.fr\/wp-content\/uploads\/2023\/06\/DSC_7855.jpg\",\"datePublished\":\"2023-06-25T07:04:49+00:00\",\"dateModified\":\"2023-09-13T11:44:15+00:00\",\"breadcrumb\":{\"@id\":\"https:\/\/latelierdesgourmets.fr\/?product=cordon-bleu-de-dinde#breadcrumb\"},\"inLanguage\":\"fr-FR\",\"potentialAction\":[{\"@type\":\"ReadAction\",\"target\":[\"https:\/\/latelierdesgourmets.fr\/?product=cordon-bleu-de-dinde\"]}]},{\"@type\":\"ImageObject\",\"inLanguage\":\"fr-FR\",\"@id\":\"https:\/\/latelierdesgourmets.fr\/?product=cordon-bleu-de-dinde#primaryimage\",\"url\":\"https:\/\/latelierdesgourmets.fr\/wp-content\/uploads\/2023\/06\/DSC_7855.jpg\",\"contentUrl\":\"https:\/\/latelierdesgourmets.fr\/wp-content\/uploads\/2023\/06\/DSC_7855.jpg\",\"width\":2048,\"height\":1365},{\"@type\":\"BreadcrumbList\",\"@id\":\"https:\/\/latelierdesgourmets.fr\/?product=cordon-bleu-de-dinde#breadcrumb\",\"itemListElement\":[{\"@type\":\"ListItem\",\"position\":1,\"name\":\"Accueil\",\"item\":\"https:\/\/latelierdesgourmets.fr\/\"},{\"@type\":\"ListItem\",\"position\":2,\"name\":\"Boutique\",\"item\":\"https:\/\/latelierdesgourmets.fr\/?page_id=958\"},{\"@type\":\"ListItem\",\"position\":3,\"name\":\"Cordon Bleu de Dinde au comt\u00e9 AOP\"}]},{\"@type\":\"WebSite\",\"@id\":\"https:\/\/latelierdesgourmets.fr\/#website\",\"url\":\"https:\/\/latelierdesgourmets.fr\/\",\"name\":\"L'atelier des gourmets\",\"description\":\"\",\"publisher\":{\"@id\":\"https:\/\/latelierdesgourmets.fr\/#organization\"},\"potentialAction\":[{\"@type\":\"SearchAction\",\"target\":{\"@type\":\"EntryPoint\",\"urlTemplate\":\"https:\/\/latelierdesgourmets.fr\/?s={search_term_string}\"},\"query-input\":\"required name=search_term_string\"}],\"inLanguage\":\"fr-FR\"},{\"@type\":\"Organization\",\"@id\":\"https:\/\/latelierdesgourmets.fr\/#organization\",\"name\":\"l'atelier des gourmets\",\"url\":\"https:\/\/latelierdesgourmets.fr\/\",\"logo\":{\"@type\":\"ImageObject\",\"inLanguage\":\"fr-FR\",\"@id\":\"https:\/\/latelierdesgourmets.fr\/#\/schema\/logo\/image\/\",\"url\":\"https:\/\/latelierdesgourmets.fr\/wp-content\/uploads\/2025\/04\/cropped-5.png\",\"contentUrl\":\"https:\/\/latelierdesgourmets.fr\/wp-content\/uploads\/2025\/04\/cropped-5.png\",\"width\":1250,\"height\":293,\"caption\":\"l'atelier des gourmets\"},\"image\":{\"@id\":\"https:\/\/latelierdesgourmets.fr\/#\/schema\/logo\/image\/\"},\"sameAs\":[\"https:\/\/www.facebook.com\/profile.php?id=100090815065027\"]}]}<\/script>\n<!-- \/ Yoast SEO plugin. -->","yoast_head_json":{"title":"Cordon Bleu de Dinde au comt\u00e9 AOP -","robots":{"index":"index","follow":"follow","max-snippet":"max-snippet:-1","max-image-preview":"max-image-preview:large","max-video-preview":"max-video-preview:-1"},"canonical":"https:\/\/latelierdesgourmets.fr\/?product=cordon-bleu-de-dinde","og_locale":"fr_FR","og_type":"article","og_title":"Cordon Bleu de Dinde au comt\u00e9 AOP -","og_description":"3,90\u20ac\/Pi\u00e8ce Cordon bleu de dinde au comt\u00e9 AOP de 150gr pi\u00e8ce, conditionn\u00e9 par 2 soit 300gr.      Volaille  Origine : France  Cat\u00e9gorie de viande : Volaille  Type de cuisson : A griller  Poids : 150gr   Conditionnement : Sous-vide par 2  Car nos pr\u00e9parations au gramme pr\u00e9s \u00e9tant compliqu\u00e9, le poids pouvant varier de -50gr \u00e0 +50gr. Vous serez par contre factur\u00e9 en fonction du poids exact des produits.      7,80\u20ac \/ Les deux cordons bleu AOP (env.)","og_url":"https:\/\/latelierdesgourmets.fr\/?product=cordon-bleu-de-dinde","article_publisher":"https:\/\/www.facebook.com\/profile.php?id=100090815065027","article_modified_time":"2023-09-13T11:44:15+00:00","og_image":[{"width":2048,"height":1365,"url":"https:\/\/latelierdesgourmets.fr\/wp-content\/uploads\/2023\/06\/DSC_7855.jpg","type":"image\/jpeg"}],"twitter_card":"summary_large_image","schema":{"@context":"https:\/\/schema.org","@graph":[{"@type":"WebPage","@id":"https:\/\/latelierdesgourmets.fr\/?product=cordon-bleu-de-dinde","url":"https:\/\/latelierdesgourmets.fr\/?product=cordon-bleu-de-dinde","name":"Cordon Bleu de Dinde au comt\u00e9 AOP -","isPartOf":{"@id":"https:\/\/latelierdesgourmets.fr\/#website"},"primaryImageOfPage":{"@id":"https:\/\/latelierdesgourmets.fr\/?product=cordon-bleu-de-dinde#primaryimage"},"image":{"@id":"https:\/\/latelierdesgourmets.fr\/?product=cordon-bleu-de-dinde#primaryimage"},"thumbnailUrl":"https:\/\/latelierdesgourmets.fr\/wp-content\/uploads\/2023\/06\/DSC_7855.jpg","datePublished":"2023-06-25T07:04:49+00:00","dateModified":"2023-09-13T11:44:15+00:00","breadcrumb":{"@id":"https:\/\/latelierdesgourmets.fr\/?product=cordon-bleu-de-dinde#breadcrumb"},"inLanguage":"fr-FR","potentialAction":[{"@type":"ReadAction","target":["https:\/\/latelierdesgourmets.fr\/?product=cordon-bleu-de-dinde"]}]},{"@type":"ImageObject","inLanguage":"fr-FR","@id":"https:\/\/latelierdesgourmets.fr\/?product=cordon-bleu-de-dinde#primaryimage","url":"https:\/\/latelierdesgourmets.fr\/wp-content\/uploads\/2023\/06\/DSC_7855.jpg","contentUrl":"https:\/\/latelierdesgourmets.fr\/wp-content\/uploads\/2023\/06\/DSC_7855.jpg","width":2048,"height":1365},{"@type":"BreadcrumbList","@id":"https:\/\/latelierdesgourmets.fr\/?product=cordon-bleu-de-dinde#breadcrumb","itemListElement":[{"@type":"ListItem","position":1,"name":"Accueil","item":"https:\/\/latelierdesgourmets.fr\/"},{"@type":"ListItem","position":2,"name":"Boutique","item":"https:\/\/latelierdesgourmets.fr\/?page_id=958"},{"@type":"ListItem","position":3,"name":"Cordon Bleu de Dinde au comt\u00e9 AOP"}]},{"@type":"WebSite","@id":"https:\/\/latelierdesgourmets.fr\/#website","url":"https:\/\/latelierdesgourmets.fr\/","name":"L'atelier des gourmets","description":"","publisher":{"@id":"https:\/\/latelierdesgourmets.fr\/#organization"},"potentialAction":[{"@type":"SearchAction","target":{"@type":"EntryPoint","urlTemplate":"https:\/\/latelierdesgourmets.fr\/?s={search_term_string}"},"query-input":"required name=search_term_string"}],"inLanguage":"fr-FR"},{"@type":"Organization","@id":"https:\/\/latelierdesgourmets.fr\/#organization","name":"l'atelier des gourmets","url":"https:\/\/latelierdesgourmets.fr\/","logo":{"@type":"ImageObject","inLanguage":"fr-FR","@id":"https:\/\/latelierdesgourmets.fr\/#\/schema\/logo\/image\/","url":"https:\/\/latelierdesgourmets.fr\/wp-content\/uploads\/2025\/04\/cropped-5.png","contentUrl":"https:\/\/latelierdesgourmets.fr\/wp-content\/uploads\/2025\/04\/cropped-5.png","width":1250,"height":293,"caption":"l'atelier des gourmets"},"image":{"@id":"https:\/\/latelierdesgourmets.fr\/#\/schema\/logo\/image\/"},"sameAs":["https:\/\/www.facebook.com\/profile.php?id=100090815065027"]}]}},"blog_post_layout_featured_media_urls":{"thumbnail":["https:\/\/latelierdesgourmets.fr\/wp-content\/uploads\/2023\/06\/DSC_7855-150x150.jpg",150,150,true],"full":["https:\/\/latelierdesgourmets.fr\/wp-content\/uploads\/2023\/06\/DSC_7855.jpg",2048,1365,false]},"categories":["3"],"categories_names":{"3":{"name":"simple","link":"https:\/\/latelierdesgourmets.fr\/?taxonomy=product_type&term=simple"}},"comments_number":"0","_links":{"self":[{"href":"https:\/\/latelierdesgourmets.fr\/index.php?rest_route=\/wp\/v2\/product\/2136"}],"collection":[{"href":"https:\/\/latelierdesgourmets.fr\/index.php?rest_route=\/wp\/v2\/product"}],"about":[{"href":"https:\/\/latelierdesgourmets.fr\/index.php?rest_route=\/wp\/v2\/types\/product"}],"replies":[{"embeddable":true,"href":"https:\/\/latelierdesgourmets.fr\/index.php?rest_route=%2Fwp%2Fv2%2Fcomments&post=2136"}],"version-history":[{"count":5,"href":"https:\/\/latelierdesgourmets.fr\/index.php?rest_route=\/wp\/v2\/product\/2136\/revisions"}],"predecessor-version":[{"id":4112,"href":"https:\/\/latelierdesgourmets.fr\/index.php?rest_route=\/wp\/v2\/product\/2136\/revisions\/4112"}],"wp:featuredmedia":[{"embeddable":true,"href":"https:\/\/latelierdesgourmets.fr\/index.php?rest_route=\/wp\/v2\/media\/4109"}],"wp:attachment":[{"href":"https:\/\/latelierdesgourmets.fr\/index.php?rest_route=%2Fwp%2Fv2%2Fmedia&parent=2136"}],"wp:term":[{"taxonomy":"product_cat","embeddable":true,"href":"https:\/\/latelierdesgourmets.fr\/index.php?rest_route=%2Fwp%2Fv2%2Fproduct_cat&post=2136"},{"taxonomy":"product_tag","embeddable":true,"href":"https:\/\/latelierdesgourmets.fr\/index.php?rest_route=%2Fwp%2Fv2%2Fproduct_tag&post=2136"}],"curies":[{"name":"wp","href":"https:\/\/api.w.org\/{rel}","templated":true}]}}

Cordon Bleu de Dinde au comté AOP

<h4></h4>
<h4><span style="color: #ff0000;"><strong>3,90€/Pièce</strong></span></h4>
<p>Cordon bleu de dinde au comté AOP de 150gr pièce, conditionné par 2 soit 300gr.</p>
<hr />
<ul>
<li><b>Volaille</b></li>
<li><strong>Origine : France</strong></li>
<li><strong>Catégorie de viande : Volaille</strong></li>
<li><strong>Type de cuisson : A griller</strong></li>
<li><strong>Poids : 150gr<br />
</strong></li>
<li><strong>Conditionnement : Sous-vide par 2</strong></li>
</ul>
<p>Car nos préparations au gramme prés étant compliqué, le poids pouvant varier de -50gr à +50gr. Vous serez par contre facturé en fonction du poids exact des produits.</p>
<hr />
<p><img decoding="async" class="alignnone wp-image-3794" src="http://latelierdesgourmets.fr/wp-content/uploads/2023/06/logo-volaille-297x300.png" alt="" width="128" height="129" srcset="https://latelierdesgourmets.fr/wp-content/uploads/2023/06/logo-volaille-297x300.png 297w, https://latelierdesgourmets.fr/wp-content/uploads/2023/06/logo-volaille-150x150.png 150w, https://latelierdesgourmets.fr/wp-content/uploads/2023/06/logo-volaille-200x200.png 200w, https://latelierdesgourmets.fr/wp-content/uploads/2023/06/logo-volaille-100x100.png 100w, https://latelierdesgourmets.fr/wp-content/uploads/2023/06/logo-volaille.png 348w" sizes="(max-width: 128px) 100vw, 128px" /></p>
<p><strong>7,80€ / Les deux cordons bleu AOP (env.)</strong></p>

<!-- This site is optimized with the Yoast SEO plugin v22.8 - https://yoast.com/wordpress/plugins/seo/ -->
<title>Cordon Bleu de Dinde au comté AOP -</title>
<meta name="robots" content="index, follow, max-snippet:-1, max-image-preview:large, max-video-preview:-1" />
<link rel="canonical" href="https://latelierdesgourmets.fr/?product=cordon-bleu-de-dinde" />
<meta property="og:locale" content="fr_FR" />
<meta property="og:type" content="article" />
<meta property="og:title" content="Cordon Bleu de Dinde au comté AOP -" />
<meta property="og:description" content="3,90€/Pièce Cordon bleu de dinde au comté AOP de 150gr pièce, conditionné par 2 soit 300gr.      Volaille  Origine : France  Catégorie de viande : Volaille  Type de cuisson : A griller  Poids : 150gr   Conditionnement : Sous-vide par 2  Car nos préparations au gramme prés étant compliqué, le poids pouvant varier de -50gr à +50gr. Vous serez par contre facturé en fonction du poids exact des produits.      7,80€ / Les deux cordons bleu AOP (env.)" />
<meta property="og:url" content="https://latelierdesgourmets.fr/?product=cordon-bleu-de-dinde" />
<meta property="article:publisher" content="https://www.facebook.com/profile.php?id=100090815065027" />
<meta property="article:modified_time" content="2023-09-13T11:44:15+00:00" />
<meta property="og:image" content="https://latelierdesgourmets.fr/wp-content/uploads/2023/06/DSC_7855.jpg" />
	<meta property="og:image:width" content="2048" />
	<meta property="og:image:height" content="1365" />
	<meta property="og:image:type" content="image/jpeg" />
<meta name="twitter:card" content="summary_large_image" />
<script type="application/ld+json" class="yoast-schema-graph">{"@context":"https://schema.org","@graph":[{"@type":"WebPage","@id":"https://latelierdesgourmets.fr/?product=cordon-bleu-de-dinde","url":"https://latelierdesgourmets.fr/?product=cordon-bleu-de-dinde","name":"Cordon Bleu de Dinde au comté AOP -","isPartOf":{"@id":"https://latelierdesgourmets.fr/#website"},"primaryImageOfPage":{"@id":"https://latelierdesgourmets.fr/?product=cordon-bleu-de-dinde#primaryimage"},"image":{"@id":"https://latelierdesgourmets.fr/?product=cordon-bleu-de-dinde#primaryimage"},"thumbnailUrl":"https://latelierdesgourmets.fr/wp-content/uploads/2023/06/DSC_7855.jpg","datePublished":"2023-06-25T07:04:49+00:00","dateModified":"2023-09-13T11:44:15+00:00","breadcrumb":{"@id":"https://latelierdesgourmets.fr/?product=cordon-bleu-de-dinde#breadcrumb"},"inLanguage":"fr-FR","potentialAction":[{"@type":"ReadAction","target":["https://latelierdesgourmets.fr/?product=cordon-bleu-de-dinde"]}]},{"@type":"ImageObject","inLanguage":"fr-FR","@id":"https://latelierdesgourmets.fr/?product=cordon-bleu-de-dinde#primaryimage","url":"https://latelierdesgourmets.fr/wp-content/uploads/2023/06/DSC_7855.jpg","contentUrl":"https://latelierdesgourmets.fr/wp-content/uploads/2023/06/DSC_7855.jpg","width":2048,"height":1365},{"@type":"BreadcrumbList","@id":"https://latelierdesgourmets.fr/?product=cordon-bleu-de-dinde#breadcrumb","itemListElement":[{"@type":"ListItem","position":1,"name":"Accueil","item":"https://latelierdesgourmets.fr/"},{"@type":"ListItem","position":2,"name":"Boutique","item":"https://latelierdesgourmets.fr/?page_id=958"},{"@type":"ListItem","position":3,"name":"Cordon Bleu de Dinde au comté AOP"}]},{"@type":"WebSite","@id":"https://latelierdesgourmets.fr/#website","url":"https://latelierdesgourmets.fr/","name":"L'atelier des gourmets","description":"","publisher":{"@id":"https://latelierdesgourmets.fr/#organization"},"potentialAction":[{"@type":"SearchAction","target":{"@type":"EntryPoint","urlTemplate":"https://latelierdesgourmets.fr/?s={search_term_string}"},"query-input":"required name=search_term_string"}],"inLanguage":"fr-FR"},{"@type":"Organization","@id":"https://latelierdesgourmets.fr/#organization","name":"l'atelier des gourmets","url":"https://latelierdesgourmets.fr/","logo":{"@type":"ImageObject","inLanguage":"fr-FR","@id":"https://latelierdesgourmets.fr/#/schema/logo/image/","url":"https://latelierdesgourmets.fr/wp-content/uploads/2025/04/cropped-5.png","contentUrl":"https://latelierdesgourmets.fr/wp-content/uploads/2025/04/cropped-5.png","width":1250,"height":293,"caption":"l'atelier des gourmets"},"image":{"@id":"https://latelierdesgourmets.fr/#/schema/logo/image/"},"sameAs":["https://www.facebook.com/profile.php?id=100090815065027"]}]}</script>
<!-- / Yoast SEO plugin. -->

Cordon Bleu de Dinde au comté AOP -

3,90€/Pièce Cordon bleu de dinde au comté AOP de 150gr pièce, conditionné par 2 soit 300gr.      Volaille  Origine : France  Catégorie de viande : Volaille  Type de cuisson : A griller  Poids : 150gr   Conditionnement : Sous-vide par 2  Car nos préparations au gramme prés étant compliqué, le poids pouvant varier de -50gr à +50gr. Vous serez par contre facturé en fonction du poids exact des produits.      7,80€ / Les deux cordons bleu AOP (env.)
